ime?
False
Let p = -173 + 175. Suppose -5*m = -p*u + 286, 3*u - 429 = -0*u + 5*m. Is u a composite number?
True
Let g be (-131 - -1)/(-5) - 0. Let c = -31 + g. Let q(o) = 37*o**2 + 5*o + 7. Is q(c) a composite number?
False
Let j be -1838*5/10 + 4. Let w = j + 1736. Is w prime?
True
Let j = 690 + 240. Suppose 408 = -5*w - 3*v + 1934, 3*w = 3*v + j. Is w prime?
True
Suppose 97666 = -2*v + 3*u + 2329041, -5*v + 4*u = -5578469. Is v a prime number?
True
Suppose 128 = 3*r + 116. Suppose -6*m + 3766 = -r*m. Is m composite?
True
Let s = 43 - 38. Let h(u) = -s*u**2 + 5*u**2 + 19 + 3*u + 2*u**2 - 1. Is h(-4) composite?
True
Suppose -11 - 1 = 3*a, 3*n + 5*a + 41 = 0. Let r(z) = -z**2 - 5*z + 16. Let l be r(n). Is (-23760)/(-42) + l/7 prime?
False
Let k be (((-18789)/18)/((-6)/24))/((-24)/(-36)). Let f = -22966 + 33340. Let c = f - k. Is c a prime number?
True
Let n(q) = 140*q**2 - 62*q - 353. Is n(-5) prime?
True
Suppose 4*y - 92 = 3*r, 2*y - r - 23 = y. Let o(k) = y*k**2 - 2 - 23*k - 34*k + 51*k. Is o(5) prime?
False
Let r = -351 + 354. Is ((-3070)/(-15))/((-2)/r)*-1 a composite number?
False
Suppose -28 = -2*t - 2*t + o, -4*t - 2*o + 16 = 0. Suppose 3*h = -4*u + 1296, 4*u - 1620 = -u - 2*h. Suppose 0 = t*r + u - 2058. Is r composite?
True
Suppose 0 = -10*o + 50703 + 263407. Let r = -11718 + o. Is r a prime number?
False
Let t = -31 - -43. Suppose 10*u = t*u - 10140. Suppose -l + u = l + 2*k, 7577 = 3*l - 4*k. Is l a composite number?
False
Let d = -356917 - -604938. Is d a composite number?
False
Is (-39)/(-429) - (2086650/(-66) + 1) a composite number?
True
Suppose 0 = 2*d + 10, 26*z - 23*z = -4*d - 326. Is (-112013)/z + (-5)/(-6) a prime number?
False
Let t be 2*-18*(-48477)/132. Suppose -3*z + 3*d - 2710 + 12592 = 0, -4*z + t = 5*d. Is z a composite number?
False
Suppose 9*b + 19009 = 112627. Let q = -875 + b. Is q prime?
False
Let r = -312 - -315. Suppose -2*l + 2*i = -3690, -4*l + i - r*i = -7368. Is l composite?
True
Let j(q) = -q + 12. Let w be j(3). Suppose -w*k + 530 = -4*k. Is k a prime number?
False
Suppose n + j = 2*n - 3, 0 = 3*j - 15. Suppose 2 = 5*y - n. Suppose c - 293 = -4*q, -4*q + 3*c = -y*c - 311. Is q prime?
False
Let y(h) = 276*h**2 - 7*h + 22. Suppose j = -6*j + 35. Let b be -5*j/(-15)*3. Is y(b) a composite number?
True
Is 43088/8 - (7 - 3)/(-4) a composite number?
False
Suppose 5*k - 11*k - 545185 = -11*k. Is k composite?
False
Let r be ((-21276)/(-16))/9*556/1. Suppose r - 357606 = -21*h. Is h composite?
True
Let x = 31053 - -32132. Is x a composite number?
True
Let r = 10645 - -2494. Is r a prime number?
False
Suppose -3*b = f - 9, 4*f - b = b + 22. Suppose -3*d + 12 + 2 = a, 5*a - 4*d + f = 0. Is 2 + (a/(-5) - 13113/(-45)) prime?
True
Suppose 62*l - 47*l = 2769723 - 736968. Is l a composite number?
True
Suppose 2*u + 11*u - 2158251 = 111770. Is u composite?
False
Let r = 182089 + -26240. Is r a prime number?
True
Is (-6)/(-12) - (-3 + 297745/(-14)) prime?
False
Let x(p) = 106*p + 17. Suppose 4*a - 1 - 27 = -5*q, -q + 14 = 5*a. Let h be a/15*-6*-5*2. Is x(h) a prime number?
False
Let q be ((-275)/22 - -5)*206/3. Let c = q - -1584. Is c a composite number?
False
Is (-5 - 145629)*25/(-50) a prime number?
True
Let d = -459594 - -821749. Is d a prime number?
False
Suppose -33*q + 9485936 - 1151093 = 0. Is q a prime number?
False
Let o(z) = z**3 - 23*z**2 + 23*z - 7. Let t be o(22). Suppose -4*l + t*l = 17567. Is l prime?
True
Let s = 162650 - 113373. Is s composite?
False
Suppose -3*v = 2*v + 160. Let a = -40 - v. Is (a/3 - -2)/(4/(-10866)) a composite number?
False
Let m = -15423 + 46544. Is m a prime number?
True
Suppose -2*j + 884691 = 5*r, 2*r = 5*j - 748468 - 1463361. Is j prime?
True
Suppose -281*x = -454*x + 211293377. Is x a prime number?
False
Let n = 130820 + -54973. Is n composite?
True
Is (-70)/16*-5658 - ((-3075)/60)/41 prime?
False
Let f = 13212 - -4117. Let u = f - 8150. Is u a composite number?
True
Let p be (18930/(-40))/((-9)/144). Let r be 3 - (-1 + 2) - -4. Is p/24 + r/4 prime?
True
Let i(j) = -9*j**3 + 17*j**2 - 40*j - 635. Is i(-26) a composite number?
False
Let b = 3360 - -12781. Is b a composite number?
False
Suppose 0 = -13*l + 514067 + 434790. Is l prime?
False
Suppose 7*q = 10*q - 5*u - 76472, -u = -4*q + 101957. Suppose -q = -6*v + 5*v. Is v composite?
True
Is (1320 + 16)*451/88 prime?
False
Suppose -2*s - 10857 = -d + 9762, 0 = -5*d + 5*s + 103115. Is d a composite number?
False
Let m = -167 + 172. Suppose 0*g - 25933 = -3*g - m*d, 5*g - 2*d = 43201. Is g a composite number?
False
Let g be (85/15 - 5)/((-1)/(-3)). Suppose -g*k + 254 + 128 = 0. Is k prime?
True
Let w be 0*3/9 + 5. Let z = -2073 + 3566. Suppose -l - 3*u = -z, 5*u = w*l - 0*u - 7505. Is l a prime number?
True
Suppose 22 = 3*k + 4*a, a - 5*a = -k + 2. Suppose k*c - c - 4*y = 24, -c = -y - 5. Suppose c*n - w - 26928 = -7270, -4*w = -n + 4907. Is n a composite number?
True
Let w(i) be the third derivative of -i**7/168 + 31*i**6/720 - 19*i**5/60 + 9*i**2. Let l(h) be the third derivative of w(h). Is l(-17) a composite number?
False
Suppose 0 = 112*w - 116*w + 48. Let g(a) = 7*a**2 - 3*a - 113. Is g(w) a composite number?
False
Let y = 139 + -127. Is y/60 + (14097/15 - -1) a prime number?
True
Suppose -h - 10 = -26. Let r(z) be the third derivative of 197*z**4/24 - 43*z**3/6 + 168*z**2. Is r(h) a composite number?
False
Let v(p) = -p**2 + 309*p + 339277. Is v(0) a prime number?
False
Suppose 4*g = -2*h + 277590, 3*g + 4*h + 347007 = 8*g. Suppose 9*r - g + 3942 = 0. Is r a composite number?
True
Let i(y) = -3 + 8 + 12 + 14 - 57*y. Let b(h) = -h. Let a(k) = 5*b(k) - i(k). Is a(11) a composite number?
False
Suppose -f + 36 = -266. Suppose 2*w + 3*l + f = 0, -254 = 4*w - l + 336. Let p = -17 - w. Is p a composite number?
False
Let g = -128 + 132. Suppose -g*z + 22*z - 25290 = 0. Is z a composite number?
True
Let z = -7685 - -11668. Is z prime?
False
Suppose -65 = -3*x - 2*v, -15 = 5*x - 6*x + v. Suppose 5*c = -h - 16787, -4*c + 7 = x. Let i = -5691 - h. Is i a composite number?
True
Suppose 0 = -5*s - 49 - 706. Let t = 220 - s. Is t a composite number?
True
Let y = 621617 - 433986. Is y a composite number?
False
Let s be 4/(-14) - (-37)/7. Suppose 4*i + i = -s*c + 5770, -5761 = -5*c + 4*i. Let n = c + -464. Is n prime?
False
Let h(f) = 17*f - 392. Let u be h(7). Let m = u - -1944. Is m composite?
True
Is 46352/(-40)*2350/(-20) prime?
False
Let y(a) = 2*a + 17. Let g be y(-4). Suppose -g*v + 28593 + 18162 = 0. Is v composite?
True
Suppose -12283*f + 10888 = -12275*f. Is f a prime number?
True
Is (-7 - (-7)/(-7)) + 13 + (1 - -118475) composite?
True
Let g(p) = -p**3 - 10*p**2 - 15*p - 1. Suppose -3*d + 2*f + 15 = -3, 30 = 5*d + 4*f. Suppose 0 = 5*i + 2*u - d*u + 49, u = -4. Is g(i) a prime number?
True
Suppose 16212 = 127*y - 133*y. Let x = -771 - y. Is x a composite number?
False
Suppose -2*v - v + 7 = -2*x, 36 = 4*x + 4*v. Suppose -3*n = -14 - x. Is (293/4)/(n/24) composite?
False
Let f(c) = 126*c**2 - 55*c + 2047. Is f(42) composite?
True
Let s(j) = 15*j**2 + 38*j - 20. Let f be (1 - 13)/((-92)/69). Is s(f) a prime number?
False
Let b = -412 - -403. Is ((8 + b)*1)/(2/(-82886)) prime?
True
Let l be 174 - (3 - 2 - 0). Let s be 2 + -29 + -9 + (10 - 8). Let y = l + s. Is y a composite number?
False
Let d = 71734 + 77865. Is d composite?
True
Let n(d) = -22*d + 240. Let r be n(11). Is 2 - r - (-7 - 6750) prime?
True
Let w(i) = i**2 - 13*i - 34. Let f be w(20). Suppose 2*y + d - 36 = 1, 2*d + f = 5*y. Let n(g) = -g**3 + 20*g**2 + 5*g - 21. Is n(y) composite?
False
Suppose 6*c - 7*c + 2728 = 0. Suppose 4*a - c = -2*n, 4*n = -5*a + 3578 - 162. Suppose -5*k + 13*k = a. Is k prime?
False
Is 10601*7/(-14)*-6 - 1 a prime number?
False
Suppose 3*i = i + 5126. Let q = 8436 - i. Is q prime?
False
Let c(b) = -b**2 - 7*b - 4. Let h be c(-5). Suppose 0 = -3*w - 3*w + h. Is -3 + w + 341/11 - -2 a composite number?
False
Let w(r) = -r**2 + 6*r + 6. Let g be w(6). Is 4826*(g + (-66)/12) prime?
False
Let d = -71 - -51. Let z = d + 27. Suppose 0 = -8*p + z*p + 4289. Is p a prime number?
True
Suppose -5*m = 3*o - 7*m - 8, -2*m = 3*o + 8. Suppose 4*u - 10486 = -2*z, 1 = -u - o. Is z a prime number?
False
Suppose -43*y = 39*y - 87292198. Is y composite?
True
Let k